me factors of 2329.
17, 137
List the prime factors of 3455.
5, 691
What are the prime factors of 12603?
3, 4201
List the prime factors of 22872.
2, 3, 953
What are the prime factors of 118?
2, 59
List the prime factors of 79282.
2, 7, 809
List the prime factors of 16292.
2, 4073
List the prime factors of 1609.
1609
What are the prime factors of 15593?
31, 503
List the prime factors of 829.
829
List the prime factors of 59721.
3, 17, 1171
List the prime factors of 30154.
2, 15077
List the prime factors of 5850.
2, 3, 5, 13
What are the prime factors of 2511?
3, 31
What are the prime factors of 9165?
3, 5, 13, 47
List the prime factors of 7511.
7, 29, 37
List the prime factors of 2345.
5, 7, 67
List the prime factors of 2702.
2, 7, 193
List the prime factors of 291.
3, 97
What are the prime factors of 1373?
1373
List the prime factors of 1182.
2, 3, 197
List the prime factors of 73.
73
What are the prime factors of 74680?
2, 5, 1867
What are the prime factors of 87829?
7, 12547
List the prime factors of 6853.
7, 11, 89
List the prime factors of 129606.
2, 3, 21601
List the prime factors of 1251.
3, 139
List the prime factors of 626.
2, 313
What are the prime factors of 3421?
11, 311
What are the prime factors of 2873?
13, 17
List the prime factors of 14716.
2, 13, 283
List the prime factors of 21720.
2, 3, 5, 181
List the prime factors of 27882.
2, 3, 1549
What are the prime factors of 6722?
2, 3361
List the prime factors of 3795.
3, 5, 11, 23
What are the prime factors of 765?
3, 5, 17
What are the prime factors of 32494?
2, 7, 11, 211
What are the prime factors of 18049?
18049
What are the prime factors of 3164?
2, 7, 113
List the prime factors of 31243.
157, 199
List the prime factors of 974.
2, 487
What are the prime factors of 1198?
2, 599
List the prime factors of 13589.
107, 127
List the prime factors of 1084.
2, 271
List the prime factors of 1430.
2, 5, 11, 13
What are the prime factors of 29116?
2, 29, 251
What are the prime factors of 3539?
3539
List the prime factors of 82660.
2, 5, 4133
List the prime factors of 3630.
2, 3, 5, 11
List the prime factors of 4892.
2, 1223
What are the prime factors of 1878?
2, 3, 313
What are the prime factors of 11875?
5, 19
What are the prime factors of 151759?
17, 79, 113
List the prime factors of 5540.
2, 5, 277
What are the prime factors of 1362?
2, 3, 227
What are the prime factors of 906?
2, 3, 151
What are the prime factors of 18761?
73, 257
List the prime factors of 27935.
5, 37, 151
What are the prime factors of 17877?
3, 59, 101
List the prime factors of 407.
11, 37
List the prime factors of 763.
7, 109
List the prime factors of 10830.
2, 3, 5, 19
What are the prime factors of 125?
5
List the prime factors of 827.
827
What are the prime factors of 138551?
7, 19793
What are the prime factors of 25542?
2, 3, 11, 43
What are the prime factors of 87131?
11, 89
What are the prime factors of 1697?
1697
What are the prime factors of 11007?
3, 1223
List the prime factors of 12521.
19, 659
List the prime factors of 51235.
5, 10247
What are the prime factors of 46140?
2, 3, 5, 769
What are the prime factors of 641?
641
List the prime factors of 31675.
5, 7, 181
List the prime factors of 1953.
3, 7, 31
List the prime factors of 7846.
2, 3923
List the prime factors of 1807.
13, 139
What are the prime factors of 980?
2, 5, 7
List the prime factors of 17620.
2, 5, 881
List the prime factors of 5329.
73
What are the prime factors of 57934?
2, 83, 349
What are the prime factors of 1207?
17, 71
What are the prime factors of 2009?
7, 41
What are the prime factors of 1053?
3, 13
What are the prime factors of 89128?
2, 13, 857
What are the prime factors of 1570?
2, 5, 157
What are the prime factors of 32796?
2, 3, 911
List the prime factors of 175.
5, 7
List the prime factors of 426.
2, 3, 71
What are the prime factors of 11002?
2, 5501
What are the prime factors of 20040?
2, 3, 5, 167
List the prime factors of 10449.
3, 43
What are the prime factors of 527?
17, 31
List the prime factors of 510.
2, 3, 5, 17
What are the prime factors of 53755?
5, 13, 827
What are the prime factors of 483?
3, 7, 23
List the prime factors of 167980.
2, 5, 37, 227
What are the prime factors of 3704?
2, 463
What are the prime factors of 58579?
58579
List the prime factors of 9231.
3, 17, 181
List the prime factors of 55327.
61, 907
List the prime factors of 16200.
2, 3, 5
List the prime factors of 80881.
29, 2789
What are the prime factors of 1040?
2, 5, 13
List the prime factors of 1727.
11, 157
List the prime factors of 50235.
3, 5, 17, 197
List the prime factors of 766.
2, 383
What are the prime factors of 60643?
11, 37, 149
What are the prime factors of 28987?
7, 41, 101
What are the prime factors of 1638?
2, 3, 7, 13
List the prime factors of 527.
17, 31
List the prime factors of 2089.
2089
What are the prime factors of 1038?
2, 3, 173
List the prime factors of 790.
2, 5, 79
What are the prime factors of 107270?
2, 5, 17, 631
List the prime factors of 42655.
5, 19, 449
What are the prime factors of 517?
11, 47
What are the prime factors of 2142?
2, 3, 7, 17
What are the prime factors of 10759?
7, 29, 53
What are the prime factors of 7574?
2, 7, 541
What are the prime factors of 2478?
2, 3, 7, 59
What are the prime factors of 1190?
2, 5, 7, 17
List the prime factors of 261.
3, 29
List the prime factors of 27158.
2, 37, 367
What are the prime factors of 735?
3, 5, 7
What are the prime factors of 1872?
2, 3, 13
List the prime factors of 458.
2, 229
List the prime factors of 262.
2, 131
List the prime factors of 1336.
2, 167
List the prime factors of 817.
19, 43
What are the prime factors of 4342?
2, 13, 167
What are the prime factors of 11093?
11093
What are the prime factors of 59818?
2, 11, 2719
What are the prime factors of 29262?
2, 3, 4877
List the prime factors of 779.
19, 41
What are the prime factors of 2284?
2, 571
List the prime factors of 54928.
2, 3433
List the prime factors of 1854.
2, 3, 103
What are the prime factors of 127046?
2, 139, 457
List the prime factors of 71372.
2, 7, 2549
List the prime factors of 3086.
2, 1543
What are the prime factors of 78357?
3, 26119
List the prime factors of 777.
3, 7, 37
What are the prime factors of 15964?
2, 13, 307
List the prime factors of 63831.
3, 21277
List the prime factors of 84869.
84869
What are the prime factors of 22067?
22067
List the prime factors of 57514.
2, 149, 193
List the prime factors of 125.
5
List the prime factors of 497.
7, 71
List the prime factors of 49911.
3, 127, 131
What are the prime factors of 866?
2, 433
List the prime factors of 53007.
3, 17669
List the prime factors of 36424.
2, 29, 157
List the prime factors of 35733.
3, 43, 277
What are the prime factors of 1139?
17, 67
What are the prime factors of 10163?
10163
What are the prime factors of 1741?
1741
What are the prime factors of 3866?
2, 1933
List the prime factors of 261.
3, 29
List the prime factors of 15630.
2, 3, 5, 521
List the prime factors of 24384.
2, 3, 127
List the prime factors of 1022.
2, 7, 73
List the prime factors of 1320.
2, 3, 5, 11
What are the prime factors of 21209?
127, 167
List the prime factors of 33079.
19, 1741
List the prime factors of 10215.
3, 5, 227
List the prime factors of 1236.
2, 3, 103
List the prime factors of 31546.
2, 15773
What are the prime factors of 15666?
2, 3, 7, 373
What are the prime factors of 3572?
2, 19, 47
List the prime factors of 1154.
2, 577
List the prime factors of 12439.
7, 1777
List the prime factors of 1273.
19, 67
List the prime factors of 182430.
2, 3, 5, 2027
List the prime factors of 17101.
7, 349
List the prime factors of 31690.
2, 5, 3169
What are the prime factors of 8876?
2, 7, 317
What are the prime factors of 1639?
11, 149
What are the prime factors of 221?
13, 17
List the prime factors of 18474.
2, 3, 3079
List the prime factors of 762.
2, 3, 127
List the prime factors of 301.
7, 43
List the prime factors of 11386.
2, 5693
What are the prime factors of 28419?
3, 9473
What are the prime factors of 6650?
2, 5, 7, 19
List the prime factors of 2165.
5, 433
List the prime factors of 645.
3, 5, 43
List the prime factors of 88569.
3, 13, 757
What are the prime factors of 4170?
2, 3, 5, 139
List the prime factors of 42795.
3, 